74?
2, 17, 13411
List the prime factors of 426090.
2, 3, 5, 7, 2029
List the prime factors of 95054.
2, 47527
What are the prime factors of 1351101?
3, 450367
What are the prime factors of 1111300?
2, 5, 11113
List the prime factors of 149062.
2, 74531
What are the prime factors of 46601?
46601
What are the prime factors of 17397161?
41, 211, 2011
List the prime factors of 399972.
2, 3, 33331
What are the prime factors of 1355545?
5, 271109
What are the prime factors of 22964212?
2, 17, 23, 14683
List the prime factors of 80646.
2, 3, 13441
List the prime factors of 137975.
5, 5519
List the prime factors of 13750582.
2, 29, 79, 3001
What are the prime factors of 914389?
7, 18661
What are the prime factors of 36462?
2, 3, 59, 103
List the prime factors of 38548918.
2, 233, 82723
List the prime factors of 18122203.
11, 1647473
List the prime factors of 320629.
83, 3863
List the prime factors of 4009154.
2, 2004577
What are the prime factors of 614533?
17, 37, 977
What are the prime factors of 533714?
2, 59, 4523
What are the prime factors of 2216927?
947, 2341
List the prime factors of 649167.
3, 353, 613
List the prime factors of 6813784.
2, 851723
List the prime factors of 348106.
2, 11, 15823
What are the prime factors of 11198009?
151, 74159
List the prime factors of 21184238.
2, 2179, 4861
List the prime factors of 27152677.
139, 195343
What are the prime factors of 5566725?
3, 5, 2749
List the prime factors of 3063902.
2, 19, 80629
What are the prime factors of 1211597?
1211597
What are the prime factors of 155264?
2, 1213
List the prime factors of 149398.
2, 74699
What are the prime factors of 258239?
281, 919
List the prime factors of 702530.
2, 5, 163, 431
What are the prime factors of 772766?
2, 386383
What are the prime factors of 5751078?
2, 3, 43, 22291
What are the prime factors of 609124?
2, 197, 773
List the prime factors of 106915.
5, 21383
What are the prime factors of 3008095?
5, 179, 3361
List the prime factors of 58494.
2, 3, 9749
What are the prime factors of 3942672?
2, 3, 82139
What are the prime factors of 12958004?
2, 283, 11447
What are the prime factors of 6802484?
2, 13, 130817
List the prime factors of 4258805.
5, 851761
What are the prime factors of 6562951?
191, 34361
What are the prime factors of 2453115?
3, 5, 7, 61, 383
List the prime factors of 652265.
5, 191, 683
List the prime factors of 164716.
2, 41179
List the prime factors of 11719403.
47, 389, 641
List the prime factors of 1055471.
1055471
What are the prime factors of 7251018?
2, 3, 433, 2791
List the prime factors of 13990471.
11, 41, 67, 463
List the prime factors of 2262866.
2, 983, 1151
What are the prime factors of 41491?
41491
What are the prime factors of 1808550?
2, 3, 5, 4019
What are the prime factors of 1931911?
541, 3571
List the prime factors of 841272.
2, 3, 35053
What are the prime factors of 7025114?
2, 17, 367, 563
List the prime factors of 107649.
3, 443
What are the prime factors of 415719?
3, 89, 173
What are the prime factors of 3591755?
5, 191, 3761
What are the prime factors of 343422?
2, 3, 19079
List the prime factors of 9692423.
13, 71, 10501
List the prime factors of 266164.
2, 66541
List the prime factors of 4915139.
4915139
List the prime factors of 137278.
2, 68639
List the prime factors of 2341621.
73, 32077
What are the prime factors of 547713?
3, 19, 3203
What are the prime factors of 18651346?
2, 7, 17, 78367
List the prime factors of 163453.
149, 1097
What are the prime factors of 11221642?
2, 5610821
What are the prime factors of 640814?
2, 373, 859
List the prime factors of 44901.
3, 1663
What are the prime factors of 1014431?
11, 92221
List the prime factors of 397407.
3, 132469
List the prime factors of 8437.
11, 13, 59
What are the prime factors of 9754964?
2, 571, 4271
List the prime factors of 474644.
2, 118661
List the prime factors of 20225440.
2, 5, 83, 1523
What are the prime factors of 3660935?
5, 732187
List the prime factors of 4557664.
2, 142427
List the prime factors of 486389.
486389
List the prime factors of 1948357.
59, 33023
List the prime factors of 1107599.
31, 35729
What are the prime factors of 2142160?
2, 5, 26777
List the prime factors of 9182666.
2, 4591333
What are the prime factors of 263107?
13, 37, 547
List the prime factors of 932024.
2, 113, 1031
What are the prime factors of 231786?
2, 3, 79, 163
List the prime factors of 1775802.
2, 3, 7, 42281
List the prime factors of 1959087.
3, 13, 191, 263
List the prime factors of 1053385.
5, 457, 461
What are the prime factors of 387141?
3, 17, 7591
What are the prime factors of 339527?
339527
List the prime factors of 12113922.
2, 3, 2018987
What are the prime factors of 6251792?
2, 390737
What are the prime factors of 3049294?
2, 23, 151, 439
List the prime factors of 5892121.
5892121
List the prime factors of 5268757.
13, 19, 83, 257
List the prime factors of 1139624.
2, 142453
List the prime factors of 878023.
878023
List the prime factors of 1907740.
2, 5, 17, 31, 181
List the prime factors of 3576140.
2, 5, 178807
What are the prime factors of 14174005?
5, 17, 577
What are the prime factors of 310422?
2, 3, 7, 19, 389
What are the prime factors of 1447493?
223, 6491
List the prime factors of 5202.
2, 3, 17
List the prime factors of 1973261.
1973261
List the prime factors of 4864764.
2, 3, 53, 7649
List the prime factors of 722072.
2, 13, 53, 131
What are the prime factors of 2063135?
5, 412627
What are the prime factors of 18667537?
7, 2666791
List the prime factors of 3007869.
3, 1002623
List the prime factors of 3406064.
2, 193, 1103
List the prime factors of 4396898.
2, 11, 18169
List the prime factors of 107849.
7, 31, 71
List the prime factors of 3968035.
5, 793607
List the prime factors of 159945.
3, 5, 10663
List the prime factors of 146861.
11, 13, 79
List the prime factors of 12025196.
2, 3006299
List the prime factors of 57314.
2, 28657
What are the prime factors of 2920073?
13, 17, 73, 181
What are the prime factors of 14831890?
2, 5, 761, 1949
List the prime factors of 785485.
5, 17, 9241
List the prime factors of 19546.
2, 29, 337
What are the prime factors of 21539123?
1009, 21347
What are the prime factors of 4001500?
2, 5, 53, 151
List the prime factors of 270917.
23, 11779
What are the prime factors of 189909?
3, 21101
List the prime factors of 934061.
29, 31, 1039
What are the prime factors of 616094?
2, 19, 31, 523
What are the prime factors of 1165354?
2, 582677
List the prime factors of 13558185.
3, 5, 11159
List the prime factors of 1282719.
3, 59, 7247
List the prime factors of 254488.
2, 13, 2447
List the prime factors of 4815793.
263, 18311
List the prime factors of 2669773.
139, 19207
What are the prime factors of 287579?
287579
What are the prime factors of 6949853?
6949853
List the prime factors of 18626530.
2, 5, 13, 143281
What are the prime factors of 8322354?
2, 3, 401, 1153
What are the prime factors of 395161?
13, 113, 269
What are the prime factors of 153853?
7, 31, 709
List the prime factors of 3241579.
11, 157, 1877
What are the prime factors of 1041258?
2, 3, 173543
List the prime factors of 3005682.
2, 3, 500947
What are the prime factors of 6504298?
2, 89, 36541
What are the prime factors of 394269?
3, 19, 6917
List the prime factors of 35940696.
2, 3, 11, 136139
What are the prime factors of 439578?
2, 3, 24421
List the prime factors of 1867252.
2, 29, 16097
List the prime factors of 3282827.
71, 46237
List the prime factors of 7989557.
19, 420503
What are the prime factors of 42395?
5, 61, 139
List the prime factors of 1231364.
2, 73, 4217
List the prime factors of 3452678.
2, 1726339
List the prime factors of 383680.
2, 5, 11, 109
List the prime factors of 7435011.
3, 2478337
List the prime factors of 73380.
2, 3, 5, 1223
List the prime factors of 1200980.
2, 5, 11, 53, 103
What are the prime factors of 1100221?
31, 35491
List the prime factors of 4712358.
2, 3, 7, 112199
List the prime factors of 218093.
17, 12829
What are the prime factors of 16546920?
2, 3, 5, 13, 10607
List the prime factors of 526200.
2, 3, 5, 877
List the prime factors of 957286.
2, 11, 53, 821
List the prime factors of 15009113.
7, 17, 126127
What are the prime factors of 4178171?
4178171
List the prime factors of 87